*b - 24. Calculate the greatest common factor of 144 and b.
16
Suppose 8415 - 8643 = -6*r. Let f(l) = 3*l**2 + 6*l - 7. Let o be f(-5). What is the greatest common divisor of r and o?
38
Let r = 47 - 44. Let h be -21*(-1 - (r + -1)). Calculate the greatest common divisor of 42 and h.
21
Let o = -85 - -117. What is the highest common divisor of o and 28?
4
Let b be 2*21/(-14) - (0 - 2). Let o(a) = 65*a**2 + 6*a + 4. Let n be o(b). What is the highest common factor of 18 and n?
9
Suppose -s - 4*s - 3*s = 0. Suppose x - 3*m - 3 = s, 3*m - 28 = -4*x - m. What is the greatest common factor of 15 and x?
3
Let u be 22 - -5*12/(-30). Calculate the greatest common divisor of 260 and u.
20
Let d(n) = -2*n - 7 + 2*n**2 + 4 - n**2. Let r be d(6). Let v be -7 - -4 - (1 + -109). Calculate the greatest common divisor of v and r.
21
Let r = 120 - 70. Calculate the highest common divisor of 10 and r.
10
Let z = -434 + 687. Calculate the greatest common factor of 154 and z.
11
Suppose -34 = 5*t - 3*q, 5*t + 12 = q - 16. Let a be (t/(-15))/((-2)/(-18)). Suppose 90 = 2*i + a*i. What is the highest common factor of i and 6?
6
Let d(l) = 15*l**2 + l + 1. Let s be d(1). Calculate the highest common divisor of 51 and s.
17
Suppose -4*x + 2*x = 3*x. Suppose x = -9*i + i + 8. What is the highest common factor of i and 3?
1
Suppose -33*y + 3511 = -977. Calculate the highest common factor of 340 and y.
68
Suppose 964 + 28 = 4*k. What is the highest common factor of 8 and k?
8
Let v(g) = -2*g**3 - g**2 + 3*g + 2. Let b be (-8)/6 + (-4)/6. Let z be v(b). Suppose -2*o + 2 = -z. Calculate the greatest common divisor of o and 20.
5
Suppose 314 = 5*s - k, -2*s + k + 124 = -k. Calculate the highest common factor of 7 and s.
7
Suppose 6*a - 212 = -170. Calculate the greatest common divisor of a and 14.
7
Let a = 81 + -29. Let w = -29 + -141. Let r = 248 + w. What is the highest common divisor of r and a?
26
Let p(r) = -5*r - 8. Let o be p(-4). Suppose 2*x + 0*x = o. Let b = -16 - -82. What is the greatest common divisor of b and x?
6
Suppose 0*u + 36 = u. Let h(s) = 4*s**2 + 14*s - 12. Let l be h(-12). Calculate the highest common divisor of l and u.
36
Suppose -2*x - 3*p - 116 = 0, 4*x = 5*x + 5*p + 51. Let z = x + 169. Calculate the highest common divisor of z and 27.
27
Suppose -2*o - 208 = -4*r, -5*r + 0*o + 260 = -4*o. What is the highest common factor of r and 8?
4
Let w(f) = -f**2 + 50*f - 138. Let a be w(46). What is the highest common factor of a and 92?
46
Let u = 2001 - 1840. What is the greatest common factor of u and 49?
7
Let b(j) = 5*j**2 - 47*j + 20. Let z be b(10). Suppose z*r - 44*r = 84. Let i = 105 - 63. Calculate the greatest common factor of r and i.
14
Suppose 5*r - 2*r = -6. Let g be (-213)/r - 0 - 84/(-56). What is the greatest common factor of 12 and g?
12
Suppose -3847 = 4*d - 5*h + 2*h, -5*d - 4785 = h. Let p = -656 - d. Let a = p - 211. Calculate the highest common divisor of a and 13.
13
Let c = -317 + 328. What is the highest common factor of c and 1111?
11
Let o = -216 - -416. Suppose 5*k - k = o. Let u be 6578/88 + 1/4. What is the highest common factor of k and u?
25
Let p(g) = 3*g**3 + 2*g**2 + 3*g - 3. Let i be (-3)/(-2)*(-38)/(-19). Let j be p(i). What is the greatest common factor of 35 and j?
35
Suppose 1281 = 5*z - 89. Let j = z + -142. What is the greatest common factor of 24 and j?
12
Let n(v) = v**3 + 30*v**2 + v + 32. Let f be n(-30). Suppose f*o = a + 23, -4*o + 0*a + 51 = 3*a. Calculate the greatest common divisor of o and 156.
12
Suppose -3*k + 46*t = 42*t - 1808, 5*t = -10. What is the highest common divisor of 24 and k?
24
Let s(x) = 18*x - 24. Let a be s(2). Calculate the highest common factor of 228 and a.
12
Suppose -302*u + 258 = -296*u. What is the greatest common factor of u and 1?
1
Suppose -w - 12 = -5*t, -5*t + t + 9 = -w. Suppose b - 152 = -t*b. Calculate the highest common divisor of b and 95.
19
Suppose -5*n - 36*t + 421 = -33*t, 5*n = 3*t + 439. What is the highest common divisor of 2494 and n?
86
Let f be ((-1)/(-3))/((-4)/228). Let h = -4 - f. Suppose 0 = -5*u - h, -u - 4*u = -5*x + 80. What is the highest common factor of x and 65?
13
Suppose -2*p + 2*z = -32, -23*z + 25*z + 6 = 0. Calculate the greatest common factor of p and 1261.
13
Suppose 161*p + 406 = 163*p. What is the highest common factor of 58 and p?
29
Let z be (-1)/((-1)/4) + -16 + 21. Suppose -l - 18 = -2*l. Calculate the highest common divisor of l and z.
9
Let r = -185 - -220. Let c(z) = z. Let g be c(-2). Let v be 0 - -14 - 0/g. What is the highest common factor of r and v?
7
Let g be 9*9*((-5)/(-3) - 0). Let a = g - 75. Let h = 64 + -40. Calculate the highest common divisor of a and h.
12
Let s(x) = -8*x + 1. Let n be s(-4). Suppose -5*q - 21 - 104 = 0. Let j be ((-6)/10)/(5/q). What is the highest common factor of j and n?
3
Let w = 903 - 613. Calculate the greatest common factor of 20 and w.
10
Let o = -700 - -986. Calculate the highest common factor of 39 and o.
13
Let w(o) = -2*o + 24. Let x be w(1). Calculate the greatest common factor of 374 and x.
22
Let y = 20 + 97. What is the highest common factor of 18 and y?
9
Let d be (-20)/50*450/(-12). Calculate the greatest common divisor of 75 and d.
15
Let c be (-50)/(-75)*2/4*1647. Calculate the highest common factor of 9 and c.
9
Let z be (-62)/(-6)*(5 - 2). Suppose 0 = 2*s - 1 - z. What is the greatest common divisor of s and 56?
8
Let w = -276 + 260. Let n be ((-2)/(-2) - 2) + -7. Let k = n - w. Calculate the greatest common divisor of 48 and k.
8
Let s(j) = -8*j**2 - j + 2. Let a be s(2). Let n = -12 - a. Suppose 36 = 3*q + 3*x, q + 2*x - 32 = -2*q. What is the greatest common divisor of q and n?
4
Let h(d) = -d**2 + 14*d - 38. Let m be h(4). Calculate the highest common divisor of m and 7.
1
Let y be (-1)/(-4) + (-95)/(-20). Suppose 0 = -3*x - 3*v + 117, 4*v = -x - 0*x + 51. Calculate the greatest common divisor of y and x.
5
Let x be ((-26)/(-52))/((-2)/(-32)). Suppose 2*h + 2*h = 0. Suppose h*i - i + 354 = 4*a, 0 = -5*a - 3*i + 446. Calculate the greatest common divisor of x and a.
8
Suppose x - 2*g + 3 = 153, 0 = 5*g + 25. Calculate the highest common factor of 56 and x.
28
Let v = 441 - 428. Calculate the greatest common divisor of v and 689.
13
Let u = 821 + -392. Calculate the greatest common factor of u and 117.
39
Suppose -5*u + 145 = 10. Suppose -u*c = -23*c - 36. Calculate the greatest common divisor of 1 and c.
1
Let k be (8 + -4*21)/(1*-1). Suppose -74*l + k*l = 52. Let z(r) = -4*r - 2. Let b be z(-7). Calculate the greatest common factor of b and l.
26
Suppose -3*c + 126 = -0*c. Let n = 86 - c. Let o(q) = q**2 + 22*q + 51. Let b be o(-2). Calculate the highest common factor of b and n.
11
Suppose -13*h + 9 = -10*h. Let b be (2 - h)/(36/40 - 1). What is the highest common divisor of b and 5?
5
Let f = 13 + 13. Let x(s) = s**3 + 4*s**2 - 2. Let a be x(-3). Suppose a*w - 12*w = -325. What is the highest common divisor of f and w?
13
Let c(h) = -h**3 + 3*h**2 + 6*h - 4. Let m be c(4). Suppose -4*a = m, 2*z - 554 = 7*z - a. Let j = 196 + z. What is the highest common divisor of j and 34?
17
Suppose -14*x + 223 = -2031. What is the highest common divisor of 69 and x?
23
Suppose 4*y + 4*y - 120 = 0. Calculate the greatest common factor of y and 15.
15
Let a(n) = 5*n**2 - 14*n + 19. Let k(t) = -9*t**2 + 27*t - 39. Let m(u) = -5*a(u) - 3*k(u). Let c be m(9). What is the highest common divisor of c and 17?
17
Suppose 0 = x - 5, -x - 2*x = -5*i + 195. What is the greatest common factor of 21 and i?
21
Let i be (-19643)/(-52) + (-3)/4. What is the highest common factor of 58 and i?
29
Let g = -80 - -87. Let h be (82/10 - 1) + 7/(-35). What is the highest common factor of g and h?
7
Let z be 770/65 + (-4)/(-26). Suppose -5*v - 218 = -3*w, z = w + 3*v - 84. What is the highest common factor of 27 and w?
27
Suppose 0 = 23*g - 16*g - 70. Calculate the greatest common divisor of g and 310.
10
Suppose -2*t + 2 + 2 = 0. Suppose -5*c + 3*m - 187 + 598 = 0, -5*m = -t*c + 153. Calculate the greatest common divisor of c and 210.
42
Let x be (9 - 2 - 4) + -1. Suppose 3 - 101 = -x*r. Suppose 5*c - 4*b - 27 = 0, -2*c - 4*b + 1 + 21 = 0. What is the greatest common factor of c and r?
7
Suppose 0 = 5*